3, what is 41cb9 - -10?
41cc9
In base 14, what is 1 + -11dd1?
-11dd0
In base 6, what is -22 - -11422?
11400
In base 13, what is -2bb - -2a?
-291
In base 12, what is -191 - 215?
-3a6
In base 10, what is -1 + -331252?
-331253
In base 2, what is 1000010 - -100100001?
101100011
In base 7, what is 1 + -242356?
-242355
In base 4, what is 2 - 2101020?
-2101012
In base 2, what is 110000011001 - -11001?
110000110010
In base 8, what is -2 + -37476?
-37500
In base 4, what is -131331 - 3330?
-201321
In base 13, what is -150 - 1b3?
-333
In base 5, what is 1 - -2213202?
2213203
In base 2, what is -111011 - 10011110?
-11011001
In base 10, what is 18 - 857?
-839
In base 6, what is 41 - 1040?
-555
In base 14, what is 1611 + -33a?
12b5
In base 3, what is -22 - -111120100?
111120001
In base 13, what is -25ba6 + -5?
-25bab
In base 8, what is -1722 + 1031?
-671
In base 6, what is -1124320 - -11?
-1124305
In base 9, what is 138 - 33?
105
In base 8, what is 217 - -1214?
1433
In base 8, what is 1233 + 11056?
12311
In base 6, what is 10221 - -335?
11000
In base 4, what is 11233013 + -11?
11233002
In base 9, what is 211 - 11111?
-10800
In base 10, what is -166205 + -2?
-166207
In base 4, what is 0 - 10330023?
-10330023
In base 14, what is 308d + -30?
305d
In base 3, what is 2112 - -20201?
100020
In base 11, what is -601 - -33?
-579
In base 5, what is -22 + 313323?
313301
In base 12, what is -14305b - -2?
-143059
In base 16, what is -c - -7b8?
7ac
In base 8, what is 1747423 - -4?
1747427
In base 3, what is -1100200222 + 20?
-1100200202
In base 4, what is -12303313 - 213?
-12310132
In base 6, what is 113251103 - 5?
113251054
In base 6, what is 15505 - 54?
15411
In base 2, what is -11101011 + 1111?
-11011100
In base 2, what is -10000011 - 101011?
-10101110
In base 5, what is -13 + -2024?
-2042
In base 13, what is -10c02 - 1?
-10c03
In base 13, what is 4 + -5bc0?
-5bb9
In base 7, what is -20365 - 52?
-20450
In base 9, what is -23238 + -4?
-23243
In base 5, what is 12111 + 2044?
14210
In base 9, what is 131 - 8510?
-8368
In base 9, what is 3 + 403242?
403245
In base 13, what is -627 + -a7?
-701
In base 10, what is -576107 - -2?
-576105
In base 10, what is 2 - 240778?
-240776
In base 15, what is 268d - -6?
2694
In base 10, what is -5 + -10443?
-10448
In base 10, what is -22 + 83?
61
In base 7, what is -5 + -156154?
-156162
In base 10, what is -4634 + 21?
-4613
In base 7, what is 31466 + -1?
31465
In base 12, what is -b87 - 12?
-b99
In base 10, what is -7 + -13265?
-13272
In base 14, what is 11d - 12a?
-b
In base 3, what is 200010210 + -12?
200010121
In base 14, what is 26 + 2737?
275d
In base 7, what is -5 + 114506?
114501
In base 5, what is -4 + 143043404?
143043400
In base 6, what is 24 + -150414?
-150350
In base 12, what is 123 + -251?
-12a
In base 8, what is -17375 + -62?
-17457
In base 4, what is -11 - -3200311?
3200300
In base 14, what is 1b874 + -2?
1b872
In base 2, what is -1 - -110110101111110?
110110101111101
In base 14, what is 5160 - 1?
515d
In base 2, what is 10001011 + -1101101011010110?
-1101101001001011
In base 2, what is 1110110 - -110101?
10101011
In base 10, what is -374563 + -2?
-374565
In base 5, what is -24333 + 3131?
-21202
In base 6, what is -144 - 30315?
-30503
In base 10, what is 675 + 4371?
5046
In base 4, what is 22 + -12103110?
-12103022
In base 13, what is -98 - -118?
50
In base 14, what is 771a6 + 1?
771a7
In base 5, what is 10 - 32331314?
-32331304
In base 12, what is -32b425 + -2?
-32b427
In base 15, what is -3d050 - 5?
-3d055
In base 6, what is 124542 + -3?
124535
In base 3, what is -111 + 21222102021?
21222101210
In base 9, what is -745503 - 4?
-745507
In base 4, what is -13011 + -100131?
-113202
In base 12, what is -12717 - -2?
-12715
In base 13, what is -3b13 + 6?
-3b0a
In base 15, what is 6 + 217?
21d
In base 13, what is 4a + -9bc?
-972
In base 8, what is 2 - -52771?
52773
In base 16, what is -14 + f6?
e2
In base 16, what is 5e56 + 1?
5e57
In base 15, what is 0 - -2488?
2488
In base 12, what is 9 + 117b6?
11803
In base 12, what is 6 + 628?
632
In base 12, what is 5 - -41574?
41579
In base 13, what is -5 + 36432?
3642a
In base 4, what is -10120212 + 3?
-10120203
In base 11, what is -514a - 3?
-5152
In base 10, what is -2 - 225335?
-225337
In base 11, what is 143 - 597?
-454
In base 12, what is -5829 + 22?
-5807
In base 2, what is 11 + -1110100101110011?
-1110100101110000
In base 13, what is 67a0 - 5?
6798
In base 12, what is 2815 - 1?
2814
In base 3, what is 111201 + 2022121?
2211022
In base 12, what is -2 + -40000?
-40002
In base 7, what is -10 - 554550?
-554560
In base 16, what is 738ed0 - 5?
738ecb
In base 3, what is -2222221212200 + 0?
-2222221212200
In base 13, what is -43 + 11a?
a7
In base 16, what is -3242 + -3?
-3245
In base 10, what is 3433971 - -3?
3433974
In base 3, what is -10022210 + -12?
-10022222
In base 15, what is 21ac1 + -2?
21abe
In base 13, what is 5104 + 90?
5194
In base 14, what is -4 + 1295?
1291
In base 6, what is -23 + 3253?
3230
In base 7, what is -40 - 604603?
-604643
In base 14, what is 519 + -1c7?
332
In base 16, what is -13fcb + 3?
-13fc8
In base 6, what is 135020 + -5?
135011
In base 16, what is -5 + ffda7?
ffda2
In base 14, what is 353b3 - 0?
353b3
In base 2, what is -1010 - 100000001101111111?
-100000001110001001
In base 6, what is -4314 + 422?
-3452
In base 10, what is -39 - 22538?
-22577
In base 16, what is -aa - -7b2?
708
In base 10, what is 424 + -144?
280
In base 12, what is -2 - 1613?
-1615
In base 11, what is -17 + -800?
-817
In base 12, what is -6 + 3879?
3873
In base 2, what is -1000110011001 + -10011?
-1000110101100
In base 7, what is -263 + -21144?
-21440
In base 8, what is -1643 + 1463?
-160
In base 8, what is -35207 - -203?
-35004
In base 13, what is 9 - -1915?
1921
In base 4, what is 1 + 10022301231?
10022301232
In base 7, what is 56 - 512460?
-512401
In base 13, what is -152c5 + 1?
-152c4
In base 2, what is -1000111011101110010 + 101?
-1000111011101101101
In base 5, what is -2232 + 132242?
130010
In base 3, what is 11010 + 220020?
1001100
In base 8, what is -6275 + 0?
-6275
In base 10, what is 21 - -1032?
1053
In base 12, what is -5 + 7b54a?
7b545
In base 3, what is -1100 - -1101212?
1100112
In base 6, what is 55 + 3050?
3145
In base 6, what is 141424 - -43?
141511
In base 16, what is 0 - c5cc?
-c5cc
In base 4, what is -1201102 - 3030?
-1210132
In base 13, what is 1c - 2b5?
-296
In base 6, what is 5 + -4104?
-4055
In base 9, what is -1566 - 0?
-1566
In base 4, what is 1203231 + -23?
1203202
In base 9, what is -105727 - 4?
-105732
In base 3, what is -2022 + -21012?
-100111
In base 10, what is 507183 + -3?
507180
In base 5, what is 1 - -3133130?
3133131
In base 10, what is -42 + 42857?
42815
In base 3, what is -100102112 - -11?
-100102101
In base 9, what is -1 - -25283?
25282
In base 12, what is 30371 + -3?
3036a
In base 13, what is 27 + -12919?
-128c2
In base 3, what is 1001020221000 + 10?
1001020221010
In base 10, what is 22548 - -4?
22552
In base 16, what is -4a1 - 23?
-4c4
In base 16, what is -3ad + -26?
-3d3
In base 6, what is 3 + 345135?
345142
In base 8, what is 40573 + -54?
40517
In base 9, what is 4 - 260747?
-260743
In base 9, what is 5306 + 15?
5322
In base 16, what is -5527 - 3?
-552a
In base 11, what is 0 + 215a60?
215a60
In base 2, what is -1100 + 10110111100101?
10110111011001
In base 6, what is -122 + 124104?
123542
In base 4, what is 230022 + -222?
223200
In base 3, what is 1000002110 - 1?
1000002102
In base 11, what is 0 - -45417?
45417
In base 12, what is 1087 - 15?
1072
In base 7, what is -5 + 2531?
2523
In base 12, what is 5b031 - 21?
5b010
In base 13, what is -6b448 + 1?
-6b447
In base 7, what is -30406 - -134?
-30242
In base 5, what is -12 - 133411?
-133423
In base 6, what is -2 + 12224103?
12224101
In base 13, what is -a - -ca7?
c9a
In base 4, what is 1 + -30301023?
-30301022
In base 13, what is -5b - -16?
-45
In base 7, what is -102 + 1451?
1346
In base 12, what is a0a + -50?
97a
In base 4, what is -22 + 1003203?
1003121
In base 10, what is 2732 + -1?
2731
In base 4, what is 102 - -1031233?
1032001
In base 3, what is 0 - -1102212021120?
1102212021120
In base 4, what is 21 - -203230?
203311
In base 12, what is -4b66 + -3?
-4b69
In base 10, what is 564500 - 2?
56449